 6) to base 13.
-1911c
210a8c (base 13) to base 4
2330231121
-1ff2fa (base 16) to base 14
-3c70a6
What is 44c15 (base 15) in base 5?
23444340
11001010000010010100111 (base 2) to base 6
353521355
What is -2640696 (base 10) in base 16?
-284b38
What is 2134325 (base 6) in base 13?
39302
-543765 (base 15) to base 13
-aa5997
Convert 1542251 (base 6) to base 12.
44987
What is -2588038 (base 9) in base 14?
-28c2d4
101101010011111011 (base 2) to base 10
185595
Convert 61998 (base 11) to base 15.
1bb9d
What is -52702644 (base 8) in base 5?
-10334201433
Convert 8fef (base 16) to base 14.
d5dd
What is 118b2a (base 14) in base 15?
bcd5b
-1010110111100100 (base 2) to base 8
-126744
-b4198 (base 12) to base 9
-387648
What is 131321323 (base 4) in base 9?
206021
531540 (base 7) to base 9
150000
What is -524779 (base 15) in base 13?
-a70292
Convert 5a02c (base 15) to base 6.
10052153
Convert 131302133 (base 5) to base 8.
2366065
Convert 2416016 (base 7) to base 12.
1297b2
10101100011101000001 (base 2) to base 3
1022212221211
-10110000001001101 (base 2) to base 13
-32088
What is 232152 (base 6) in base 9?
30315
What is -12123401244 (base 5) in base 4?
-312131322310
What is 12212000221121 (base 3) in base 8?
13673315
Convert -201151421 (base 7) to base 11.
-66558a7
Convert -2021254 (base 6) to base 16.
-177e2
What is -602a5 (base 12) in base 14?
-336c5
Convert 52276122 (base 8) to base 10.
11107410
What is 140cd (base 14) in base 16?
c1a5
Convert -530231 (base 7) to base 4.
-112103132
Convert 663772 (base 8) to base 12.
a9222
What is 11831a4 (base 11) in base 10?
2053968
Convert -10021202221 (base 3) to base 14.
-19829
Convert -613575 (base 9) to base 2.
-1011000101111111011
What is -1fa87 (base 16) in base 9?
-216778
What is -21916 (base 15) in base 8?
-320257
300443015 (base 6) to base 12
184946b
-525510 (base 6) to base 9
-64556
What is -26a59 (base 12) in base 16?
-d065
What is 246321 (base 8) in base 16?
14cd1
-5413514 (base 7) to base 2
-10100000111011010111
What is -101031032 (base 4) in base 16?
-1134e
Convert 15e4b (base 15) to base 8.
212101
Convert 11000100100101011111 (base 2) to base 3.
1111220112210
What is 1312b9 (base 12) in base 9?
526556
Convert -21b4a8 (base 13) to base 5.
-200434003
-57c23 (base 14) to base 9
-355082
What is 100111001000010 (base 2) in base 11?
14063
What is 5766526 (base 9) in base 10?
3114717
132212141 (base 5) to base 16
a1f7d
Convert 12210122010 (base 3) to base 2.
11011111000001010
-121221200111 (base 3) to base 10
-333652
Convert -2113647 (base 12) to base 6.
-341524131
-11300003330 (base 4) to base 16
-1700fc
What is -1259537 (base 13) in base 8?
-25675000
What is 2b1f5 (base 16) in base 15?
37504
Convert 1b27ab (base 12) to base 16.
758f3
What is -1084628 (base 11) in base 2?
-111001110100101110001
Convert -187166 (base 10) to base 12.
-90392
Convert -5451043 (base 6) to base 9.
-452800
Convert -1031002110 (base 4) to base 9.
-530750
111110111011101011 (base 2) to base 7
2122343
Convert 2b39b2 (base 16) to base 14.
53a522
-2223023321 (base 4) to base 9
-1277745
Convert 31240240 (base 8) to base 5.
3144320210
Convert 356a3 (base 11) to base 5.
3121132
What is -12253103 (base 7) in base 10?
-1105541
Convert 302113444 (base 5) to base 8.
4466116
What is 22323242 (base 5) in base 3?
101002101112
Convert -5667167 (base 10) to base 3.
-101122220220002
Convert -2101231223 (base 4) to base 8.
-2215553
Convert -562574 (base 9) to base 4.
-1102022131
What is -168094 (base 10) in base 13?
-5b684
1214341122 (base 5) to base 13
7a110a
Convert 2011021 (base 6) to base 10.
94837
7601326 (base 10) to base 8
34776256
What is 320380 (base 9) in base 4?
232201320
What is 710004 (base 8) in base 5?
24432401
1030033001 (base 5) to base 11
1266213
What is -100931 (base 11) in base 10?
-162174
What is -534600 (base 7) in base 13?
-33396
What is -137167 (base 9) in base 15?
-19d37
What is -155563111 (base 7) in base 12?
-3659094
-8759 (base 12) to base 15
-4636
Convert 3210a4 (base 12) to base 6.
24532324
4124402 (base 6) to base 10
198002
c5c9 (base 13) to base 10
27374
What is 5152140 (base 8) in base 2?
101001101010001100000
What is -101022102111010 (base 3) in base 7?
-64403253
Convert -801434 (base 9) to base 16.
-73984
-100010101010111010100 (base 2) to base 5
-242323314
What is 5a252 (base 11) in base 6?
1505530
Convert 283211 (base 9) to base 3.
22210020101
-475994 (base 10) to base 11
-2a5692
What is 2063422 (base 7) in base 8?
752101
Convert 1371765 (base 9) to base 11.
476995
What is -68293 (base 11) in base 16?
-18216
What is 33130605 (base 9) in base 15?
16175d8
Convert -2b4ac2 (base 15) to base 8.
-7765045
Convert 100001110100000100000 (base 2) to base 3.
2002021220001
What is 100001221111 (base 3) in base 11?
112181
Convert 333246 (base 10) to base 2.
1010001010110111110
-37736721 (base 9) to base 8
-106462344
Convert -424433 (base 6) to base 5.
-2102400
What is -2a943 (base 14) in base 4?
-121321233
Convert -9bddc (base 15) to base 6.
-14343430
234021 (base 7) to base 10
42204
-204244343 (base 6) to base 13
-97bb01
What is 445588 (base 9) in base 10?
266570
What is -130a247 (base 11) in base 6?
-120341245
What is -2101230102 (base 4) in base 8?
-2215422
What is 36cb3 (base 14) in base 10?
134221
121310102 (base 4) to base 2
11001110100010010
33203001010 (base 4) to base 12
1446684
What is 20201000022200 (base 3) in base 14?
68a5bb
Convert 2253412 (base 8) to base 11.
388980
a6b60 (base 14) to base 6
12345040
55679 (base 10) to base 7
321221
-131405504 (base 6) to base 8
-11723060
Convert 40112201 (base 6) to base 2.
100010011101101101001
1245240 (base 7) to base 15
33323
Convert -c103 (base 13) to base 16.
-67a8
What is -3a33461 (base 11) in base 16?
-6a68dc
What is -24472222 (base 8) in base 2?
-10100100111010010010010
Convert -10001101011000110001 (base 2) to base 8.
-2153061
13a186a (base 12) to base 16
3c2992
Convert -1108a18 (base 12) to base 9.
-6103262
What is 6666391 (base 11) in base 2?
101100100110011110111111
What is -24194 (base 11) in base 16?
-880e
Convert -218272 (base 15) to base 7.
-16400531
Convert 398713 (base 13) to base 6.
45441451
What is 1230000111 (base 4) in base 10?
442389
37a294 (base 12) to base 14
199560
What is -310929 (base 11) in base 6?
-14405442
Convert -202353 (base 10) to base 7.
-1501644
Convert -497825 (base 10) to base 14.
-cd5cd
-113015455 (base 7) to base 4
-122133231223
What is 5b8ccb (base 14) in base 6?
151115203
What is 10202120112010 (base 3) in base 6?
110504003
-10010100100010011111011 (base 2) to base 16
-4a44fb
Convert -2101102020220 (base 3) to base 6.
-43101553
Convert 11101011110100 (base 2) to base 13.
6b3c
Convert 5543 (base 14) to base 11.
100a8
Convert 1761250 (base 11) to base 16.
2d9968
What is 12001210211 (base 3) in base 9?
161724
What is -5462508 (base 9) in base 16?
-2cc76e
What is 100443123 (base 6) in base 11?
a72789
Convert 1a2891a (base 12) to base 15.
743bcd
What is -14ca73 (base 14) in base 9?
-1326476
-2320522 (base 6) to base 15
-255bb
Convert -1005050 (base 11) to base 9.
-3310286
Convert -2307627 (base 8) to base 7.
-5216526
11244100 (base 6) to base 8
1250104
Convert 1517443 (base 8) to base 10.
433955
2430113100 (base 5) to base 8
25613013
What is -1632724 (base 8) in base 11?
-2a3025
Convert 7168551 (base 9) to base 14.
717c2d
Convert 21122210221200 (base 3) to base 15.
556200
What is 5d7eb (base 16) in base 8?
1353753
Convert 246483 (base 16) to base 6.
123041443
Convert 16a48 (base 11) to base 9.
35683
Convert -100002101112 (base 3) to base 15.
-3800e
-1533042 (base 6) to base 13
-32018
-4d4c7 (base 16) to base 11
-1a6972
What is 12053310 (base 7) in base 4?
10011232131
What is -133100032 (base 4) in base 8?
-372016
What is 505845 (base 11) in base 7?
6624023
-c8d195 (base 14) to base 7
-111526645
What is -201301313 (base 4) in base 9?
-230712
64562250 (base 7) to base 3
101100222211100
265011 (base 12) to base 2
10011001111111001101
What is -8652b (base 12) in base 13?
-62753
What is -1000010000001101011100 (base 2) in base 16?
-21035c
Convert 762072 (base 10) to base 3.
1102201100220
660350 (base 8) to base 6
4425024
11343264 (base 8) to base 9
4583017
What is 135776 (base 9) in base 7?
464010
Convert 734608 (base 9) to base 10.
436436
What 